mainder when 49614047 is divided by 62.
35
What is the remainder when 1280909 is divided by 64?
13
Calculate the remainder when 2720396 is divided by 3637.
3557
Calculate the remainder when 188499 is divided by 1166.
773
Calculate the remainder when 85608586 is divided by 1331.
1328
Calculate the remainder when 2109900 is divided by 510.
30
What is the remainder when 2971356 is divided by 1485652?
52
What is the remainder when 4174638 is divided by 90753?
0
What is the remainder when 552768 is divided by 583?
84
Calculate the remainder when 54372279 is divided by 6254.
3
What is the remainder when 30429 is divided by 195?
9
What is the remainder when 691013 is divided by 322?
1
What is the remainder when 230958461 is divided by 145?
141
What is the remainder when 594602 is divided by 42456?
218
What is the remainder when 83587 is divided by 7079?
5718
What is the remainder when 75191 is divided by 8096?
2327
What is the remainder when 42149 is divided by 6988?
221
What is the remainder when 388419 is divided by 128778?
2085
What is the remainder when 110682025 is divided by 598?
597
Calculate the remainder when 70241076 is divided by 4195.
4191
Calculate the remainder when 58318135 is divided by 1630.
1625
What is the remainder when 5716438 is divided by 379?
360
What is the remainder when 711004716 is divided by 2876?
2872
What is the remainder when 2556057 is divided by 339?
336
What is the remainder when 4449987 is divided by 817?
605
Calculate the remainder when 2830547 is divided by 2818.
1275
What is the remainder when 57249735 is divided by 126?
123
Calculate the remainder when 3661796 is divided by 56334.
86
Calculate the remainder when 83831986 is divided by 2540363.
7
What is the remainder when 366015 is divided by 23558?
12645
Calculate the remainder when 149572835 is divided by 3492.
3491
What is the remainder when 2393640 is divided by 580?
560
What is the remainder when 4088464 is divided by 817677?
79
Calculate the remainder when 1992489 is divided by 9962.
89
Calculate the remainder when 118967 is divided by 426.
113
What is the remainder when 947574 is divided by 7569?
1449
What is the remainder when 406777 is divided by 127?
123
What is the remainder when 113948 is divided by 897?
29
Calculate the remainder when 1040561 is divided by 346689.
494
Calculate the remainder when 45989 is divided by 743.
666
What is the remainder when 6451874 is divided by 2150389?
707
What is the remainder when 2847193 is divided by 219013?
24
What is the remainder when 910186847 is divided by 2383?
2380
Calculate the remainder when 584 is divided by 546.
38
Calculate the remainder when 1070176 is divided by 19809.
490
Calculate the remainder when 133887919 is divided by 1156.
1155
Calculate the remainder when 145797 is divided by 145768.
29
What is the remainder when 26445572 is divided by 2074?
2072
What is the remainder when 3745732 is divided by 16949?
3
Calculate the remainder when 4333420 is divided by 810.
730
What is the remainder when 1968929 is divided by 393782?
19
Calculate the remainder when 88075571 is divided by 34.
33
Calculate the remainder when 11878665 is divided by 5939327.
11
What is the remainder when 753095 is divided by 752604?
491
What is the remainder when 7030899 is divided by 1483?
1479
Calculate the remainder when 1906923 is divided by 611.
603
Calculate the remainder when 33561715 is divided by 124.
123
What is the remainder when 7104401 is divided by 352?
337
Calculate the remainder when 104269 is divided by 14701.
1362
Calculate the remainder when 76963162 is divided by 87.
4
Calculate the remainder when 41119 is divided by 8005.
1094
Calculate the remainder when 1444565 is divided by 106.
103
Calculate the remainder when 10936 is divided by 1142.
658
What is the remainder when 5208234 is divided by 169?
161
What is the remainder when 261479864 is divided by 11885448?
8
Calculate the remainder when 2926678 is divided by 97.
91
Calculate the remainder when 48778 is divided by 14974.
3856
What is the remainder when 77608 is divided by 25295?
1723
What is the remainder when 456486 is divided by 228107?
272
Calculate the remainder when 3371066 is divided by 288.
26
Calculate the remainder when 12511771 is divided by 236.
231
What is the remainder when 72425521 is divided by 812?
805
What is the remainder when 87508587 is divided by 12501223?
26
What is the remainder when 415248 is divided by 677?
247
Calculate the remainder when 208009421 is divided by 161.
158
What is the remainder when 270226942 is divided by 135113465?
12
What is the remainder when 32929181 is divided by 18?
17
Calculate the remainder when 50030 is divided by 2169.
143
Calculate the remainder when 55828558 is divided by 444.
442
What is the remainder when 386077850 is divided by 6?
2
Calculate the remainder when 12965638 is divided by 12.
10
What is the remainder when 45133926 is divided by 1754?
1752
What is the remainder when 4249089 is divided by 11?
9
Calculate the remainder when 523341 is divided by 185.
161
What is the remainder when 223914910 is divided by 472?
470
Calculate the remainder when 51003815 is divided by 1042.
1041
What is the remainder when 1475943 is divided by 147?
63
Calculate the remainder when 5892700 is divided by 9413.
162
What is the remainder when 34189616 is divided by 395?
391
Calculate the remainder when 1710870 is divided by 9515.
7685
What is the remainder when 122245 is divided by 324?
97
Calculate the remainder when 59398 is divided by 5153.
2715
What is the remainder when 133352214 is divided by 4101?
4098
Calculate the remainder when 81220 is divided by 5788.
188
Calculate the remainder when 2003446 is divided by 3221.
3205
What is the remainder when 7182998 is divided by 598582?
14
What is the remainder when 13204 is divided by 4169?
697
What is the remainder when 5371512 is divided by 926?
712
What is the remainder when 185357 is divided by 3370?
7
Calculate the remainder when 749690657 is divided by 139.
134
Calculate the remainder when 1625132 is divided by 231.
47
Calculate the remainder when 38944 is divided by 132.
4
Calculate the remainder when 762890 is divided by 762862.
28
What is the remainder when 39060903 is divided by 122833?
9
Calculate the remainder when 13299 is divided by 2252.
2039
Calculate the remainder when 119211 is divided by 9167.
40
What is the remainder when 372388 is divided by 124123?
19
Calculate the remainder when 2761186 is divided by 352.
98
Calculate the remainder when 67880 is divided by 22368.
776
What is the remainder when 23001064 is divided by 6481?
6476
Calculate the remainder when 258562 is divided by 208.
18
What is the remainder when 1054775 is divided by 568?
567
What is the remainder when 147482 is divided by 106?
36
What is the remainder when 10854491 is divided by 112?
11
Calculate the remainder when 1199037 is divided by 431.
426
Calculate the remainder when 10360102 is divided by 639.
634
Calculate the remainder when 3456252 is divided by 1822.
1740
Calculate the remainder when 620103 is divided by 423.
408
What is the remainder when 436849 is divided by 892?
661
Calculate the remainder when 547888 is divided by 4383.
13
What is the remainder when 12365 is divided by 1470?
605
What is the remainder when 13857056 is divided by 1643?
1637
Calculate the remainder when 217244 is divided by 370.
54
What is the remainder when 3398910 is divided by 377634?
204
What is the remainder when 96099 is divided by 1370?
199
What is the remainder when 16292 is divided by 1293?
776
Calculate the remainder when 3094502 is divided by 3094462.
40
What is the remainder when 805467 is divided by 22371?
111
Calculate the remainder when 33976 is divided by 11029.
889
Calculate the remainder when 15794912 is divided by 5.
2
Calculate the remainder when 465607 is divided by 506.
87
Calculate the remainder when 15011 is divided by 3802.
3605
Calculate the remainder when 724300 is divided by 1636.
1188
What is the remainder when 172333 is divided by 4006?
75
Calculate the remainder when 137997102 is divided by 652.
650
What is the remainder when 995737 is divided by 17777?
225
Calculate the remainder when 292454 is divided by 20888.
22
Calculate the remainder when 24081156 is divided by